r of z and 6?
2
Let h(w) = 2*w**2 - 3*w + 4. Let y be h(2). Suppose -y*x + 7*x = 1. Let f be (-3 + x)*(1 + -5). What is the greatest common divisor of 56 and f?
8
Suppose 4 = -g + 5*o, -g + 4*g - o - 30 = 0. Calculate the greatest common factor of 1 and g.
1
Let l be ((-60)/(-14))/(425/1190). Calculate the highest common divisor of l and 64.
4
Let t be 4 + (-352)/(-12)*(-18)/(-4). What is the greatest common factor of t and 119?
17
Let h(m) = -39*m - 301. Let d be h(-8). Suppose 3*f = -2*t + 37, -45 = -3*f - 5*t - 2. What is the greatest common factor of f and d?
11
Let h be 0 + (-665)/(-25) + 2/5. Let v = h + -16. Calculate the greatest common factor of 33 and v.
11
Suppose -3*n + 2*u + 93 = 0, -u - 25 = -3*n + 68. Let p be ((-372)/(6 + 0))/(-2). Calculate the greatest common factor of p and n.
31
Let c(t) = -t**3 + 10*t**2 - 8*t + 21. Let v be c(9). What is the greatest common factor of v and 10?
10
Let t(n) be the first derivative of n**3 - 7*n**2/2 - 6*n - 10. Let c be t(-4). What is the greatest common divisor of c and 14?
14
Suppose 2*l - 49 - 35 = -2*q, 0 = 3*q - l - 130. Let i = q - -29. What is the highest common factor of i and 8?
8
Let i be (((-12)/(-30))/(-1))/(2/(-240)). What is the greatest common factor of i and 168?
24
Let n(j) = 3*j**3 - j**2 + j + 1. Let f be 7 + -3 + 1 + -1. Let v be n(f). Let c be (-1 + -1 - -1) + v. Calculate the highest common factor of 20 and c.
20
Let a(t) = 12*t + 12. Let h be a(-5). Let d be (6/21 + h/(-28))*22. What is the highest common divisor of d and 110?
22
Suppose 2*j - 59 - 1 = 0. Let v = 8 - -2. Calculate the highest common factor of v and j.
10
Let j(u) = -10*u - 1. Let i be j(-1). Suppose -8*t + 6 = -5*t + 3*m, 5*t - 2*m = 3. Calculate the highest common factor of t and i.
1
Suppose -5*n - 5*k + 75 = 0, 5*n - 4*k - 38 - 64 = 0. Suppose 0 = 3*v - 0 - n. Calculate the highest common factor of 24 and v.
6
Let r = 610 - 145. What is the highest common factor of 15 and r?
15
Let g = 18 + -8. Suppose 0 = -g*k + 381 - 81. What is the greatest common factor of k and 24?
6
Let a be (-2406)/(-48) + (-2)/16. Let i = 34 - a. Let j = 31 + i. Calculate the highest common factor of j and 120.
15
Suppose -t - 8 = -3*n, -5*n - 5*t = -t - 19. Suppose -5*q = -4*j + 3*j + 22, 0 = -n*j + 4*q + 33. What is the greatest common divisor of j and 28?
7
Let y(o) = -4 + 2*o + o + 0*o. Let n be y(5). Suppose 2*z - 12 - 76 = 0. What is the highest common divisor of z and n?
11
Let w = 17 - 8. Let g(o) = -o + 13. Let y be g(w). Let c = 0 + y. Calculate the highest common divisor of c and 4.
4
Let c(p) = 4*p - 3. Let d be c(2). Let h be ((-10)/9)/(6/(-54)). What is the highest common divisor of d and h?
5
Let l(c) = 2*c**2 - 2*c - 3. Let k be l(3). Let t be (-48)/(8/(-36)*-6 - 2). Let x = -63 + t. What is the highest common divisor of k and x?
9
Suppose -5*c = -7*c - 6. Let u = 1 - c. Let p(s) = s**3 - 5*s**2 + 5*s + 1. Let t be p(u). What is the highest common factor of t and 25?
5
Let a(u) = -4 + 4 - 24*u + 0. Let p be a(-9). What is the highest common factor of 24 and p?
24
Let l be 8/76*1 - 1620/(-855). Suppose -8*j + 15 = -3*j. What is the greatest common divisor of j and l?
1
Let a be 15432/28 - 5/35. Calculate the highest common divisor of a and 19.
19
Suppose v - 20 = -25. Let s(c) = c**3 + 8*c**2 + 13*c. Let z be s(v). What is the highest common factor of z and 110?
10
Let i(a) = 3*a - 1. Let n be i(0). Let k be -3 - n*15 - (-1 - -2). Calculate the greatest common divisor of 198 and k.
11
Suppose -12*w + 2640 = -5*w + 17*w. Let k(p) = -p**3 + p**2 + 20. Let o be k(0). Calculate the greatest common divisor of w and o.
10
Let l = -72 - 54. Let j be l/(-4) + (-2)/(-4). Suppose 3*r + j = 7*r. What is the greatest common divisor of 4 and r?
4
Let t(v) = 12*v**2 + 10*v - 233. Let j be t(12). What is the highest common divisor of j and 19?
19
Let f(o) = -o**2 + 3*o + 4. Let x be f(3). Suppose -5*p + d - 9 = -78, -4*d = x*p - 36. Calculate the greatest common factor of p and 65.
13
Let r be 31*(1 - 0) - -1. Let q = 264 + -377. Let l = q - -117. Calculate the greatest common factor of r and l.
4
Let v be 2*4/20*35. Suppose 0 = -3*o - 2*o - 4*b - 20, o - b = 5. Let u = v - o. What is the highest common divisor of 154 and u?
14
Let g = 2 - -1. Let o(l) = -6 - 3*l**g - l + 7*l**2 + 5*l**3 - 4*l**3 + l**3. Let z be o(5). Calculate the highest common divisor of 13 and z.
13
Let q = -189 - -205. Let i(d) = -6*d - 4 + 2*d - 5*d - d**2. Let o be i(-4). What is the greatest common divisor of o and q?
16
Let g(t) be the first derivative of t**2 + 25*t - 23. Let a be g(10). What is the greatest common factor of a and 9?
9
Suppose -f - 1 = -3. Let a be 1/(f/5)*2. Suppose -2*c - 3*p = 2*c - 14, -a*c + 2 = -4*p. Calculate the greatest common factor of c and 4.
2
Let y = 56 - 35. Let b be (1 + y/(-6))*(-684)/90. Let s = 89 - 32. What is the highest common divisor of s and b?
19
Let a be (9/(-15))/((-2)/150). Suppose -58 = -5*n - 2*s - 4, -4*n = s - a. What is the highest common divisor of 60 and n?
12
Suppose 0 = 4*o + 4*i + i - 20, 3*o - 42 = 3*i. Suppose 16 - 56 = 4*c. Let s = 100 + c. Calculate the greatest common divisor of o and s.
10
Let c be 136/32 + (-2)/8. Suppose -39 = c*l + 9. Let p be (-1)/((-3)/l) - -19. Calculate the highest common factor of 75 and p.
15
Let h(n) = 54*n**3 + 2*n - 2. Let y be h(1). Let i = 90 - y. What is the greatest common factor of i and 324?
36
Let g = -7 - -27. What is the greatest common divisor of g and 20?
20
Suppose -4*j - 4*k = -60, 3*j - 2*k - 45 + 5 = 0. What is the greatest common divisor of j and 406?
14
Let y = 680 - 624. Calculate the highest common factor of y and 504.
56
Let p(s) = 39*s**3 + s. Suppose -2*a + 0*o = 2*o + 8, -5*a - 3*o - 10 = 0. Let z be p(a). Calculate the greatest common factor of z and 8.
8
Suppose 5*t + 0*t + 2*k = 980, -4*k - 20 = 0. What is the greatest common factor of 22 and t?
22
Let m(d) = -4*d**2 + 2*d - 6. Let w be m(5). Let v be (33/12)/((-3)/w). What is the greatest common divisor of 22 and v?
22
Suppose 11*v + 516 = 13*v - 2*q, -2*v + 3*q = -518. Calculate the highest common factor of v and 24.
8
Let f be (1 + 24/5)/(14/70). Suppose -5*k = -4*u - 218, -4*k - 5*u + 187 = f. Calculate the highest common factor of k and 28.
14
Suppose -g = -0 - 3. Let a be (-7 + 0)*(-30)/g. What is the greatest common divisor of a and 14?
14
Let w(b) = b**2 + 18*b + 32. Let s be w(-22). Let m(a) = a**3 - a**2 + a + 48. Let p be m(0). What is the highest common divisor of s and p?
24
Suppose 5*u = -g + 7 - 0, -4*g + u = -49. What is the greatest common divisor of 6 and g?
6
Let u be 203 - (-2)/(-1) - (7 - 10). Suppose 16*z - 4*z - u = 0. What is the highest common divisor of 51 and z?
17
Suppose f - 342 = -3*g, 3*f - f = -3*g + 342. Let d(l) = -6*l - 6. Let z be d(-1). Suppose -x - x + g = z. What is the highest common divisor of x and 38?
19
Suppose -3*s = -0*s - 4*u - 15, -15 = -2*s + u. Let i(o) = -o**2 - 24*o + 31. Let p be i(-21). Let q = 103 - p. What is the highest common divisor of q and s?
9
Suppose -7858 = 70*u - 100678. Calculate the highest common divisor of 17 and u.
17
Suppose 7*h - 2*h = 120. Let v be 5*-6*(-4)/8. Suppose v + 36 = 4*y + 3*l, 0 = -5*y - 3*l + 63. What is the greatest common divisor of y and h?
12
Suppose 219*u - 238*u + 2565 = 0. Calculate the greatest common divisor of u and 54.
27
Suppose -3*u - 254 = -311. Let h be 4/(-10) - (-1714)/10. Calculate the greatest common divisor of u and h.
19
Suppose 2*z - 46 = -2*s, 0 = -8*s + 5*s + z + 85. Calculate the highest common factor of 783 and s.
27
Suppose 10*x - 138 = 1222. What is the greatest common factor of x and 8?
8
Let y(l) be the second derivative of -l**3/6 - 7*l**2/2 - 6*l. Let u be y(-11). Let h be -17*(0 + 3 - u). Calculate the highest common factor of h and 51.
17
Suppose 0*w + 5*w - 2078 = -4*m, 3*w - 516 = -m. What is the greatest common factor of m and 54?
18
Suppose 4*c + 5*z - 40 = 0, 0 = 3*c - 2*c + 3*z - 17. Suppose -p + 312 = c*p. Calculate the greatest common factor of p and 13.
13
Let d(l) = -l**3 + 3*l**2 - 2*l + 7. Let t be d(5). Let j = 77 + t. Let b be ((-1377)/(-45) - 9)/((-6)/(-20)). Calculate the highest common divisor of b and j.
24
Let r(d) = 183*d - 133. Let s be r(